e prime factors of 2909?
2909
List the prime factors of 1044.
2, 3, 29
List the prime factors of 19238.
2, 9619
List the prime factors of 6705.
3, 5, 149
List the prime factors of 60.
2, 3, 5
What are the prime factors of 27668?
2, 6917
List the prime factors of 4327.
4327
What are the prime factors of 5918?
2, 11, 269
List the prime factors of 12940.
2, 5, 647
What are the prime factors of 2493?
3, 277
List the prime factors of 4915.
5, 983
List the prime factors of 74.
2, 37
List the prime factors of 73772.
2, 18443
What are the prime factors of 2834?
2, 13, 109
List the prime factors of 24903.
3, 2767
List the prime factors of 3047.
11, 277
What are the prime factors of 553?
7, 79
What are the prime factors of 16678?
2, 31, 269
What are the prime factors of 4332?
2, 3, 19
What are the prime factors of 83337?
3, 27779
List the prime factors of 66429.
3, 11, 61
What are the prime factors of 18601?
11, 19, 89
What are the prime factors of 18211?
18211
What are the prime factors of 75622?
2, 37811
What are the prime factors of 44630?
2, 5, 4463
What are the prime factors of 848?
2, 53
List the prime factors of 1099.
7, 157
List the prime factors of 31878.
2, 3, 7, 11, 23
List the prime factors of 18000.
2, 3, 5
What are the prime factors of 1592?
2, 199
List the prime factors of 1697.
1697
List the prime factors of 72277.
72277
What are the prime factors of 41451?
3, 41, 337
List the prime factors of 1154.
2, 577
What are the prime factors of 38254?
2, 31, 617
What are the prime factors of 538?
2, 269
List the prime factors of 19093.
61, 313
What are the prime factors of 2568?
2, 3, 107
List the prime factors of 28134.
2, 3, 521
What are the prime factors of 1641?
3, 547
What are the prime factors of 106?
2, 53
What are the prime factors of 2042?
2, 1021
List the prime factors of 9664.
2, 151
What are the prime factors of 1241?
17, 73
List the prime factors of 3335.
5, 23, 29
What are the prime factors of 26536?
2, 31, 107
List the prime factors of 25358.
2, 31, 409
What are the prime factors of 1962?
2, 3, 109
List the prime factors of 2459.
2459
What are the prime factors of 11422?
2, 5711
What are the prime factors of 1953?
3, 7, 31
What are the prime factors of 4640?
2, 5, 29
List the prime factors of 3251.
3251
What are the prime factors of 10624?
2, 83
What are the prime factors of 29308?
2, 17, 431
What are the prime factors of 1200?
2, 3, 5
What are the prime factors of 55601?
7, 13, 47
What are the prime factors of 112887?
3, 37, 113
List the prime factors of 2246.
2, 1123
What are the prime factors of 1715?
5, 7
List the prime factors of 34841.
34841
List the prime factors of 408.
2, 3, 17
What are the prime factors of 95062?
2, 11, 29, 149
What are the prime factors of 3495?
3, 5, 233
List the prime factors of 3593.
3593
List the prime factors of 1282.
2, 641
List the prime factors of 6096.
2, 3, 127
What are the prime factors of 5935?
5, 1187
List the prime factors of 1068.
2, 3, 89
What are the prime factors of 3781?
19, 199
List the prime factors of 1102.
2, 19, 29
List the prime factors of 160765.
5, 11, 37, 79
What are the prime factors of 5008?
2, 313
List the prime factors of 76550.
2, 5, 1531
List the prime factors of 6930.
2, 3, 5, 7, 11
What are the prime factors of 14106?
2, 3, 2351
What are the prime factors of 58570?
2, 5, 5857
What are the prime factors of 272?
2, 17
List the prime factors of 564.
2, 3, 47
What are the prime factors of 20378?
2, 23, 443
What are the prime factors of 6405?
3, 5, 7, 61
List the prime factors of 127.
127
List the prime factors of 8140.
2, 5, 11, 37
List the prime factors of 1145.
5, 229
What are the prime factors of 1258?
2, 17, 37
What are the prime factors of 5800?
2, 5, 29
List the prime factors of 12630.
2, 3, 5, 421
What are the prime factors of 412?
2, 103
What are the prime factors of 1664?
2, 13
List the prime factors of 7347.
3, 31, 79
What are the prime factors of 928?
2, 29
What are the prime factors of 1491?
3, 7, 71
What are the prime factors of 799?
17, 47
What are the prime factors of 3209?
3209
List the prime factors of 19560.
2, 3, 5, 163
What are the prime factors of 558?
2, 3, 31
What are the prime factors of 119266?
2, 7, 1217
List the prime factors of 1266.
2, 3, 211
List the prime factors of 36924.
2, 3, 17, 181
List the prime factors of 4459.
7, 13
What are the prime factors of 2159?
17, 127
List the prime factors of 62911.
53, 1187
List the prime factors of 32256.
2, 3, 7
List the prime factors of 15917.
11, 1447
List the prime factors of 93553.
93553
What are the prime factors of 547?
547
List the prime factors of 203.
7, 29
List the prime factors of 9224.
2, 1153
List the prime factors of 1172.
2, 293
List the prime factors of 24423.
3, 7, 1163
What are the prime factors of 559?
13, 43
What are the prime factors of 607?
607
What are the prime factors of 6699?
3, 7, 11, 29
What are the prime factors of 646?
2, 17, 19
What are the prime factors of 787?
787
What are the prime factors of 44003?
79, 557
List the prime factors of 5661.
3, 17, 37
List the prime factors of 631.
631
List the prime factors of 1873.
1873
List the prime factors of 1203.
3, 401
What are the prime factors of 3603?
3, 1201
List the prime factors of 59726.
2, 29863
What are the prime factors of 2149?
7, 307
List the prime factors of 1821.
3, 607
What are the prime factors of 46667?
23, 2029
What are the prime factors of 8251?
37, 223
List the prime factors of 57275.
5, 29, 79
List the prime factors of 18098.
2, 9049
List the prime factors of 50570.
2, 5, 13, 389
What are the prime factors of 660?
2, 3, 5, 11
What are the prime factors of 2865?
3, 5, 191
List the prime factors of 70742.
2, 7, 31, 163
List the prime factors of 4532.
2, 11, 103
What are the prime factors of 25738?
2, 17, 757
List the prime factors of 1012.
2, 11, 23
What are the prime factors of 3348?
2, 3, 31
What are the prime factors of 2206?
2, 1103
What are the prime factors of 11770?
2, 5, 11, 107
List the prime factors of 14208.
2, 3, 37
List the prime factors of 523.
523
What are the prime factors of 7758?
2, 3, 431
List the prime factors of 7302.
2, 3, 1217
What are the prime factors of 3799?
29, 131
What are the prime factors of 22600?
2, 5, 113
What are the prime factors of 27420?
2, 3, 5, 457
What are the prime factors of 133417?
133417
What are the prime factors of 7551?
3, 839
What are the prime factors of 859?
859
What are the prime factors of 14012?
2, 31, 113
What are the prime factors of 4815?
3, 5, 107
List the prime factors of 331.
331
What are the prime factors of 3498?
2, 3, 11, 53
What are the prime factors of 3628?
2, 907
List the prime factors of 96.
2, 3
List the prime factors of 48639.
3, 31, 523
List the prime factors of 1054.
2, 17, 31
List the prime factors of 21049.
7, 31, 97
What are the prime factors of 27132?
2, 3, 7, 17, 19
What are the prime factors of 58877?
7, 13, 647
List the prime factors of 13396.
2, 17, 197
What are the prime factors of 12255?
3, 5, 19, 43
List the prime factors of 1647.
3, 61
What are the prime factors of 1648?
2, 103
What are the prime factors of 17130?
2, 3, 5, 571
List the prime factors of 98219.
11, 8929
What are the prime factors of 5333?
5333
What are the prime factors of 192?
2, 3
What are the prime factors of 5569?
5569
List the prime factors of 18554.
2, 9277
What are the prime factors of 409?
409
What are the prime factors of 5884?
2, 1471
List the prime factors of 9400.
2, 5, 47
List the prime factors of 371.
7, 53
List the prime factors of 5387.
5387
List the prime factors of 745.
5, 149
What are the prime factors of 1139?
17, 67
What are the prime factors of 3890?
2, 5, 389
What are the prime factors of 51556?
2, 12889
List the prime factors of 2038.
2, 1019
List the prime factors of 145186.
2, 229, 317
List the prime factors of 4268.
2, 11, 97
What are the prime factors of 1419?
3, 11, 43
What are the prime factors of 21097?
17, 73
What are the prime factors of 833?
7, 17
What are the prime factors of 84310?
2, 5, 8431
List the prime factors of 2465.
5, 17, 29
List the prime factors of 2602.
2, 1301
What are the prime factors of 742?
2, 7, 53
What are the prime factors of 30809?
30809
List the prime factors of 698.
2, 349
List the prime factors of 5986.
2